by 96.
89
What is the remainder when 57788 is divided by 26?
16
What is the remainder when 3103 is divided by 55?
23
What is the remainder when 111999 is divided by 1000?
999
What is the remainder when 10744 is divided by 768?
760
Calculate the remainder when 72598 is divided by 40.
38
What is the remainder when 361911 is divided by 349?
347
What is the remainder when 8663 is divided by 324?
239
What is the remainder when 8567 is divided by 136?
135
Calculate the remainder when 2081 is divided by 676.
53
What is the remainder when 49214 is divided by 928?
30
What is the remainder when 12599 is divided by 28?
27
What is the remainder when 91 is divided by 34?
23
What is the remainder when 1456 is divided by 29?
6
What is the remainder when 110428 is divided by 15?
13
What is the remainder when 399939 is divided by 11?
1
What is the remainder when 48181 is divided by 62?
7
What is the remainder when 2710 is divided by 558?
478
What is the remainder when 14563 is divided by 7226?
111
Calculate the remainder when 281443 is divided by 25.
18
Calculate the remainder when 666751 is divided by 221.
215
Calculate the remainder when 359717 is divided by 167.
166
Calculate the remainder when 35018 is divided by 3183.
5
Calculate the remainder when 134622 is divided by 16.
14
Calculate the remainder when 4815 is divided by 2365.
85
What is the remainder when 243 is divided by 206?
37
What is the remainder when 95558 is divided by 345?
338
What is the remainder when 50886 is divided by 303?
285
Calculate the remainder when 3307 is divided by 300.
7
Calculate the remainder when 2635 is divided by 93.
31
Calculate the remainder when 92523 is divided by 49.
11
What is the remainder when 461986 is divided by 164?
162
Calculate the remainder when 49279 is divided by 64.
63
Calculate the remainder when 246108 is divided by 82032.
12
Calculate the remainder when 92245 is divided by 599.
598
Calculate the remainder when 2989 is divided by 68.
65
Calculate the remainder when 55872 is divided by 628.
608
What is the remainder when 2555 is divided by 1104?
347
Calculate the remainder when 268579 is divided by 17905.
4
What is the remainder when 1663 is divided by 390?
103
Calculate the remainder when 24438 is divided by 1436.
26
What is the remainder when 5431 is divided by 250?
181
What is the remainder when 2309 is divided by 1128?
53
What is the remainder when 3941 is divided by 1396?
1149
What is the remainder when 99069 is divided by 113?
81
Calculate the remainder when 98076 is divided by 1961.
26
Calculate the remainder when 29499 is divided by 55.
19
What is the remainder when 45755 is divided by 9149?
10
What is the remainder when 30009 is divided by 751?
720
What is the remainder when 6095 is divided by 1163?
280
What is the remainder when 10538 is divided by 3500?
38
Calculate the remainder when 31638 is divided by 15819.
0
Calculate the remainder when 23066 is divided by 721.
715
Calculate the remainder when 703 is divided by 116.
7
What is the remainder when 26043 is divided by 407?
402
What is the remainder when 870 is divided by 91?
51
What is the remainder when 213 is divided by 28?
17
What is the remainder when 4646 is divided by 54?
2
Calculate the remainder when 19100 is divided by 3819.
5
What is the remainder when 1139 is divided by 784?
355
What is the remainder when 5247 is divided by 41?
40
What is the remainder when 11058 is divided by 106?
34
Calculate the remainder when 23454 is divided by 226.
176
What is the remainder when 1216146 is divided by 58?
2
What is the remainder when 188 is divided by 43?
16
Calculate the remainder when 314837 is divided by 104887.
176
What is the remainder when 19253 is divided by 967?
880
Calculate the remainder when 2931 is divided by 147.
138
Calculate the remainder when 42808 is divided by 261.
4
What is the remainder when 20683 is divided by 292?
243
What is the remainder when 1618 is divided by 33?
1
What is the remainder when 160764 is divided by 149?
142
Calculate the remainder when 953 is divided by 96.
89
Calculate the remainder when 1791 is divided by 480.
351
Calculate the remainder when 6970 is divided by 355.
225
What is the remainder when 412 is divided by 397?
15
Calculate the remainder when 2857 is divided by 396.
85
What is the remainder when 1649 is divided by 328?
9
What is the remainder when 17066 is divided by 630?
56
What is the remainder when 174456 is divided by 19?
17
Calculate the remainder when 2841 is divided by 311.
42
What is the remainder when 4852 is divided by 23?
22
Calculate the remainder when 6085 is divided by 3041.
3
Calculate the remainder when 13523 is divided by 23.
22
Calculate the remainder when 2002 is divided by 638.
88
What is the remainder when 885 is divided by 396?
93
Calculate the remainder when 45355 is divided by 22636.
83
Calculate the remainder when 149154 is divided by 82.
78
What is the remainder when 19475 is divided by 19104?
371
What is the remainder when 1810 is divided by 399?
214
Calculate the remainder when 2912 is divided by 244.
228
Calculate the remainder when 3046 is divided by 94.
38
What is the remainder when 458403 is divided by 373?
359
What is the remainder when 5297 is divided by 2588?
121
Calculate the remainder when 16598 is divided by 57.
11
Calculate the remainder when 11882 is divided by 3960.
2
Calculate the remainder when 7199 is divided by 540.
179
What is the remainder when 3443 is divided by 309?
44
Calculate the remainder when 308 is divided by 294.
14
Calculate the remainder when 13277 is divided by 197.
78
What is the remainder when 1313 is divided by 371?
200
Calculate the remainder when 437821 is divided by 86.
81
Calculate the remainder when 11481 is divided by 5730.
21
What is the remainder when 12595 is divided by 4161?
112
What is the remainder when 2989591 is divided by 200?
191
What is the remainder when 154253 is divided by 248?
245
What is the remainder when 40599 is divided by 20287?
25
What is the remainder when 57568 is divided by 49?
42
What is the remainder when 4511 is divided by 1501?
8
Calculate the remainder when 271034 is divided by 3928.
2
What is the remainder when 77726 is divided by 25902?
20
Calculate the remainder when 6074 is divided by 9.
8
What is the remainder when 43626 is divided by 3632?
42
What is the remainder when 3749 is divided by 24?
5
What is the remainder when 190290 is divided by 695?
555
Calculate the remainder when 11276 is divided by 5631.
14
Calculate the remainder when 95512 is divided by 816.
40
Calculate the remainder when 41661 is divided by 37.
36
What is the remainder when 37039 is divided by 17?
13
Calculate the remainder when 5918 is divided by 843.
17
What is the remainder when 31693 is divided by 262?
253
What is the remainder when 21226 is divided by 710?
636
What is the remainder when 2055 is divided by 288?
39
What is the remainder when 8960 is divided by 880?
160
What is the remainder when 1889772 is divided by 333?
330
What is the remainder when 42783 is divided by 182?
13
What is the remainder when 533 is divided by 372?
161
What is the remainder when 16106 is divided by 41?
34
Calculate the remainder when 62628 is divided by 5693.
5
Calculate the remainder when 983 is divided by 297.
92
Calculate the remainder when 638445 is divided by 564.
561
What is the remainder when 12898 is divided by 187?
182
What is the remainder when 252 is divided by 249?
3
Calculate the remainder when 6521 is divided by 6516.
5
Calculate the remainder when 8584 is divided by 1422.
52
Calculate the remainder when 15775 is divided by 876.
7
What is the remainder when 9534 is divided by 4198?
1138
Calculate the remainder when 2443997 is divided by 16.
13
Calculate the remainder when 1005980 is divided by 313.
311
Calculate the remainder when 22625 is divided by 62.
57
Calculate the remainder when 306 is divided by 302.
4
Calculate the remainder when 81779 is divided by 13612.
107
What is the remainder when 1983713 is divided by 812?
809
What is the remainder when 2135 is divided by 1288?
847
Calculate the remainder when 22660 is divided by 263.
42
What is the remainder when 30252 is divided by 108?
12
Calculate the remainder when 15689 is divided by 215.
209
What is the remainder when